[INFO] fetching crate tauri-updater 0.4.2...
[INFO] checking tauri-updater-0.4.2 against try#72f88fc4e9458f89516a0b8b0868f3718aec5b47 for pr-74989
[INFO] extracting crate tauri-updater 0.4.2 into /workspace/builds/worker-2/source
[INFO] validating manifest of crates.io crate tauri-updater 0.4.2 on toolchain 72f88fc4e9458f89516a0b8b0868f3718aec5b47
[INFO] running `Command { std: "/workspace/cargo-home/bin/cargo" "+72f88fc4e9458f89516a0b8b0868f3718aec5b47" "read-manifest" "--manifest-path" "Cargo.toml", kill_on_drop: false }`
[INFO] started tweaking crates.io crate tauri-updater 0.4.2
[INFO] finished tweaking crates.io crate tauri-updater 0.4.2
[INFO] tweaked toml for crates.io crate tauri-updater 0.4.2 written to /workspace/builds/worker-2/source/Cargo.toml
[INFO] running `Command { std: "/workspace/cargo-home/bin/cargo" "+72f88fc4e9458f89516a0b8b0868f3718aec5b47" "generate-lockfile" "--manifest-path" "Cargo.toml" "-Zno-index-update", kill_on_drop: false }`
[INFO] running `Command { std: "/workspace/cargo-home/bin/cargo" "+72f88fc4e9458f89516a0b8b0868f3718aec5b47" "fetch" "--locked" "--manifest-path" "Cargo.toml", kill_on_drop: false }`
[INFO] [stderr]  Downloading crates ...
[INFO] [stderr]   Downloaded tauri-utils v0.5.1
[INFO] [stderr]   Downloaded tauri-api v0.5.2
[INFO] running `Command { std: "docker" "create" "-v" "/var/lib/crater-agent-workspace/builds/worker-2/target:/opt/rustwide/target:rw,Z" "-v" "/var/lib/crater-agent-workspace/builds/worker-2/source:/opt/rustwide/workdir:ro,Z" "-v" "/var/lib/crater-agent-workspace/cargo-home:/opt/rustwide/cargo-home:ro,Z" "-v" "/var/lib/crater-agent-workspace/rustup-home:/opt/rustwide/rustup-home:ro,Z" "-e" "SOURCE_DIR=/opt/rustwide/workdir" "-e" "CARGO_TARGET_DIR=/opt/rustwide/target" "-e" "CARGO_HOME=/opt/rustwide/cargo-home" "-e" "RUSTUP_HOME=/opt/rustwide/rustup-home" "-w" "/opt/rustwide/workdir" "-m" "1610612736" "--user" "0:0" "--network" "none" "rustops/crates-build-env@sha256:d92eaeed33fa75130ca1ee6c8a01d1ffb62bac859dfdfb3450e3e5d1c0146529" "/opt/rustwide/cargo-home/bin/cargo" "+72f88fc4e9458f89516a0b8b0868f3718aec5b47" "metadata" "--no-deps" "--format-version=1", kill_on_drop: false }`
[INFO] [stdout] fd344c3eef717f117999206beb004b7e047ffbb555a28284a76345aeba183318
[INFO] [stderr] WARNING: Your kernel does not support swap limit capabilities or the cgroup is not mounted. Memory limited without swap.
[INFO] running `Command { std: "docker" "start" "-a" "fd344c3eef717f117999206beb004b7e047ffbb555a28284a76345aeba183318", kill_on_drop: false }`
[INFO] running `Command { std: "docker" "inspect" "fd344c3eef717f117999206beb004b7e047ffbb555a28284a76345aeba183318", kill_on_drop: false }`
[INFO] running `Command { std: "docker" "rm" "-f" "fd344c3eef717f117999206beb004b7e047ffbb555a28284a76345aeba183318", kill_on_drop: false }`
[INFO] [stdout] fd344c3eef717f117999206beb004b7e047ffbb555a28284a76345aeba183318
[INFO] running `Command { std: "docker" "create" "-v" "/var/lib/crater-agent-workspace/builds/worker-2/target:/opt/rustwide/target:rw,Z" "-v" "/var/lib/crater-agent-workspace/builds/worker-2/source:/opt/rustwide/workdir:ro,Z" "-v" "/var/lib/crater-agent-workspace/cargo-home:/opt/rustwide/cargo-home:ro,Z" "-v" "/var/lib/crater-agent-workspace/rustup-home:/opt/rustwide/rustup-home:ro,Z" "-e" "SOURCE_DIR=/opt/rustwide/workdir" "-e" "CARGO_TARGET_DIR=/opt/rustwide/target" "-e" "CARGO_INCREMENTAL=0" "-e" "RUST_BACKTRACE=full" "-e" "RUSTFLAGS=--cap-lints=forbid" "-e" "CARGO_HOME=/opt/rustwide/cargo-home" "-e" "RUSTUP_HOME=/opt/rustwide/rustup-home" "-w" "/opt/rustwide/workdir" "-m" "1610612736" "--user" "0:0" "--network" "none" "rustops/crates-build-env@sha256:d92eaeed33fa75130ca1ee6c8a01d1ffb62bac859dfdfb3450e3e5d1c0146529" "/opt/rustwide/cargo-home/bin/cargo" "+72f88fc4e9458f89516a0b8b0868f3718aec5b47" "check" "--frozen" "--all" "--all-targets" "--message-format=json", kill_on_drop: false }`
[INFO] [stdout] d8a07870a0627b90950c54603e376b22d1f264061d823776c2fe725a1f034394
[INFO] [stderr] WARNING: Your kernel does not support swap limit capabilities or the cgroup is not mounted. Memory limited without swap.
[INFO] running `Command { std: "docker" "start" "-a" "d8a07870a0627b90950c54603e376b22d1f264061d823776c2fe725a1f034394", kill_on_drop: false }`
[INFO] [stderr]    Compiling libc v0.2.77
[INFO] [stderr]     Checking cfg-if v0.1.10
[INFO] [stderr]     Checking lazy_static v1.4.0
[INFO] [stderr]    Compiling proc-macro2 v1.0.21
[INFO] [stderr]    Compiling unicode-xid v0.2.1
[INFO] [stderr]    Compiling pkg-config v0.3.18
[INFO] [stderr]    Compiling cc v1.0.59
[INFO] [stderr]    Compiling maybe-uninit v2.0.0
[INFO] [stderr]    Compiling serde_derive v1.0.116
[INFO] [stderr]    Compiling memchr v2.3.3
[INFO] [stderr]    Compiling crc32fast v1.2.0
[INFO] [stderr]     Checking tinyvec v0.3.4
[INFO] [stderr]     Checking scopeguard v1.1.0
[INFO] [stderr]    Compiling getrandom v0.1.15
[INFO] [stderr]     Checking matches v0.1.8
[INFO] [stderr]     Checking adler32 v1.2.0
[INFO] [stderr]     Checking fnv v1.0.7
[INFO] [stderr]     Checking itoa v0.4.6
[INFO] [stderr]    Compiling ryu v1.0.5
[INFO] [stderr]    Compiling doc-comment v0.3.3
[INFO] [stderr]    Compiling serde_json v1.0.57
[INFO] [stderr]     Checking percent-encoding v2.1.0
[INFO] [stderr]     Checking ppv-lite86 v0.2.9
[INFO] [stderr]     Checking regex-syntax v0.6.18
[INFO] [stderr]    Compiling byteorder v1.3.4
[INFO] [stderr]    Compiling sysinfo v0.10.5
[INFO] [stderr]    Compiling gcc v0.3.55
[INFO] [stderr]     Checking openssl-probe v0.1.2
[INFO] [stderr]     Checking same-file v1.0.6
[INFO] [stderr]     Checking once_cell v1.4.1
[INFO] [stderr]     Checking dtoa v0.4.6
[INFO] [stderr]     Checking adler v0.2.3
[INFO] [stderr]    Compiling version_check v0.9.2
[INFO] [stderr]     Checking semver-parser v0.7.0
[INFO] [stderr]    Compiling crossbeam-utils v0.7.2
[INFO] [stderr]    Compiling memoffset v0.5.5
[INFO] [stderr]    Compiling crossbeam-epoch v0.8.2
[INFO] [stderr]    Compiling rayon v1.4.0
[INFO] [stderr]     Checking unicode-bidi v0.3.4
[INFO] [stderr]     Checking thread_local v1.0.1
[INFO] [stderr]     Checking miniz_oxide v0.3.7
[INFO] [stderr]     Checking http v0.2.1
[INFO] [stderr]     Checking unicode-normalization v0.1.13
[INFO] [stderr]     Checking walkdir v2.3.1
[INFO] [stderr]     Checking miniz_oxide v0.4.1
[INFO] [stderr]     Checking log v0.4.11
[INFO] [stderr]     Checking semver v0.10.0
[INFO] [stderr]    Compiling error-chain v0.12.4
[INFO] [stderr]     Checking aho-corasick v0.7.13
[INFO] [stderr]     Checking bstr v0.2.13
[INFO] [stderr]    Compiling quote v1.0.7
[INFO] [stderr]    Compiling nfd v0.0.4
[INFO] [stderr]     Checking crossbeam-channel v0.4.4
[INFO] [stderr]    Compiling openssl-sys v0.9.58
[INFO] [stderr]    Compiling bzip2-sys v0.1.9+1.0.8
[INFO] [stderr]     Checking idna v0.2.0
[INFO] [stderr]     Checking num_cpus v1.13.0
[INFO] [stderr]     Checking flate2 v1.0.14
[INFO] [stderr]     Checking filetime v0.2.12
[INFO] [stderr]     Checking xattr v0.2.2
[INFO] [stderr]     Checking dirs-sys v0.3.5
[INFO] [stderr]     Checking rand v0.4.6
[INFO] [stderr]     Checking time v0.1.44
[INFO] [stderr]     Checking backtrace v0.3.50
[INFO] [stderr]    Compiling syn v1.0.40
[INFO] [stderr]     Checking rand_core v0.5.1
[INFO] [stderr]     Checking crossbeam-deque v0.7.3
[INFO] [stderr]     Checking tar v0.4.30
[INFO] [stderr]     Checking dirs v2.0.2
[INFO] [stderr]     Checking rand_chacha v0.2.2
[INFO] [stderr]     Checking url v2.1.1
[INFO] [stderr]     Checking rayon-core v1.8.0
[INFO] [stderr]     Checking rand v0.7.3
[INFO] [stderr]     Checking tempdir v0.3.7
[INFO] [stderr]    Compiling openssl v0.10.30
[INFO] [stderr]    Compiling native-tls v0.2.4
[INFO] [stderr]     Checking regex v1.3.9
[INFO] [stderr]     Checking bzip2 v0.3.3
[INFO] [stderr]     Checking tempfile v3.1.0
[INFO] [stderr]     Checking globset v0.4.5
[INFO] [stderr]     Checking ignore v0.4.16
[INFO] [stderr]    Compiling thiserror-impl v1.0.20
[INFO] [stderr]    Compiling serde_repr v0.1.6
[INFO] [stderr]     Checking thiserror v1.0.20
[INFO] [stderr]     Checking zip v0.5.8
[INFO] [stderr]     Checking tauri-utils v0.5.1
[INFO] [stderr]     Checking serde v1.0.116
[INFO] [stderr]     Checking serde_urlencoded v0.6.1
[INFO] [stderr]     Checking attohttpc v0.14.0
[INFO] [stderr]     Checking attohttpc v0.10.1
[INFO] [stderr]     Checking tauri-api v0.5.2
[INFO] [stderr]     Checking tauri-updater v0.4.2 (/opt/rustwide/workdir)
[INFO] [stdout] error[E0277]: `?` couldn't convert the error to `Error`
[INFO] [stdout]    --> src/updater.rs:254:64
[INFO] [stdout]     |
[INFO] [stdout] 254 |       .extract_file(&tmp_dir.path(), &self.bin_path_in_archive)?;
[INFO] [stdout]     |                                                                ^ the trait `From<anyhow::Error>` is not implemented for `Error`
[INFO] [stdout]     |
[INFO] [stdout]     = note: the question mark operation (`?`) implicitly performs a conversion on the error value using the `From` trait
[INFO] [stdout]     = help: the following implementations were found:
[INFO] [stdout]               <Error as From<&'a str>>
[INFO] [stdout]               <Error as From<ErrorKind>>
[INFO] [stdout]               <Error as From<ZipError>>
[INFO] [stdout]               <Error as From<attohttpc::Error>>
[INFO] [stdout]             and 4 others
[INFO] [stdout]     = note: required by `std::convert::From::from`
[INFO] [stdout] 
[INFO] [stdout] 
[INFO] [stdout] error[E0277]: `?` couldn't convert the error to `Error`
[INFO] [stdout]    --> src/updater.rs:262:39
[INFO] [stdout]     |
[INFO] [stdout] 262 |       .to_dest(&self.bin_install_path)?;
[INFO] [stdout]     |                                       ^ the trait `From<anyhow::Error>` is not implemented for `Error`
[INFO] [stdout]     |
[INFO] [stdout]     = note: the question mark operation (`?`) implicitly performs a conversion on the error value using the `From` trait
[INFO] [stdout]     = help: the following implementations were found:
[INFO] [stdout]               <Error as From<&'a str>>
[INFO] [stdout]               <Error as From<ErrorKind>>
[INFO] [stdout]               <Error as From<ZipError>>
[INFO] [stdout]               <Error as From<attohttpc::Error>>
[INFO] [stdout]             and 4 others
[INFO] [stdout]     = note: required by `std::convert::From::from`
[INFO] [stdout] 
[INFO] [stdout] 
[INFO] [stdout] error[E0277]: `?` couldn't convert the error to `Error`
[INFO] [stdout]    --> src/updater.rs:254:64
[INFO] [stdout]     |
[INFO] [stdout] 254 |       .extract_file(&tmp_dir.path(), &self.bin_path_in_archive)?;
[INFO] [stdout]     |                                                                ^ the trait `From<anyhow::Error>` is not implemented for `Error`
[INFO] [stdout]     |
[INFO] [stdout]     = note: the question mark operation (`?`) implicitly performs a conversion on the error value using the `From` trait
[INFO] [stdout]     = help: the following implementations were found:
[INFO] [stdout]               <Error as From<&'a str>>
[INFO] [stdout]               <Error as From<ErrorKind>>
[INFO] [stdout]               <Error as From<ZipError>>
[INFO] [stdout]               <Error as From<attohttpc::Error>>
[INFO] [stdout]             and 4 others
[INFO] [stdout]     = note: required by `std::convert::From::from`
[INFO] [stdout] 
[INFO] [stdout] 
[INFO] [stdout] error[E0277]: `?` couldn't convert the error to `Error`
[INFO] [stdout]    --> src/updater.rs:262:39
[INFO] [stdout]     |
[INFO] [stdout] 262 |       .to_dest(&self.bin_install_path)?;
[INFO] [stdout]     |                                       ^ the trait `From<anyhow::Error>` is not implemented for `Error`
[INFO] [stdout]     |
[INFO] [stdout]     = note: the question mark operation (`?`) implicitly performs a conversion on the error value using the `From` trait
[INFO] [stdout]     = help: the following implementations were found:
[INFO] [stdout]               <Error as From<&'a str>>
[INFO] [stdout]               <Error as From<ErrorKind>>
[INFO] [stdout]               <Error as From<ZipError>>
[INFO] [stdout]               <Error as From<attohttpc::Error>>
[INFO] [stdout]             and 4 others
[INFO] [stdout]     = note: required by `std::convert::From::from`
[INFO] [stdout] 
[INFO] [stdout] 
[INFO] [stdout] error: aborting due to 2 previous errors
[INFO] [stdout] 
[INFO] [stdout] 
[INFO] [stdout] For more information about this error, try `rustc --explain E0277`.
[INFO] [stdout] 
[INFO] [stdout] error: aborting due to 2 previous errors
[INFO] [stdout] 
[INFO] [stdout] 
[INFO] [stdout] For more information about this error, try `rustc --explain E0277`.
[INFO] [stdout] 
[INFO] [stderr] error: could not compile `tauri-updater`.
[INFO] [stderr] 
[INFO] [stderr] To learn more, run the command again with --verbose.
[INFO] [stderr] warning: build failed, waiting for other jobs to finish...
[INFO] [stderr] error: build failed
[INFO] running `Command { std: "docker" "inspect" "d8a07870a0627b90950c54603e376b22d1f264061d823776c2fe725a1f034394", kill_on_drop: false }`
[INFO] running `Command { std: "docker" "rm" "-f" "d8a07870a0627b90950c54603e376b22d1f264061d823776c2fe725a1f034394", kill_on_drop: false }`
[INFO] [stdout] d8a07870a0627b90950c54603e376b22d1f264061d823776c2fe725a1f034394
